 5062403 is divided by 130.
73
What is the remainder when 3557947 is divided by 2086?
1317
Calculate the remainder when 67378 is divided by 885.
118
What is the remainder when 1718350 is divided by 858464?
1422
What is the remainder when 13281325 is divided by 629?
619
Calculate the remainder when 1395505 is divided by 55803.
430
Calculate the remainder when 135161829 is divided by 3468.
3465
Calculate the remainder when 365897 is divided by 589.
128
What is the remainder when 216459 is divided by 18018?
243
Calculate the remainder when 146841098 is divided by 178.
176
What is the remainder when 103841942 is divided by 167487?
2
Calculate the remainder when 8772788 is divided by 8772784.
4
What is the remainder when 49880 is divided by 7024?
712
What is the remainder when 94484 is divided by 23389?
928
Calculate the remainder when 9066408 is divided by 23.
15
Calculate the remainder when 5143413 is divided by 1285850.
13
Calculate the remainder when 11118558 is divided by 209784.
6
Calculate the remainder when 62831675 is divided by 276.
275
Calculate the remainder when 3190100 is divided by 2643.
2642
What is the remainder when 25536831 is divided by 912029?
19
Calculate the remainder when 4739465 is divided by 48.
41
What is the remainder when 142530257 is divided by 1810?
1807
Calculate the remainder when 9303655 is divided by 9.
4
What is the remainder when 1738708 is divided by 23496?
4
What is the remainder when 481492 is divided by 120367?
24
Calculate the remainder when 20912 is divided by 5145.
332
Calculate the remainder when 8659395 is divided by 13594.
17
Calculate the remainder when 726060 is divided by 968.
60
What is the remainder when 11295488 is divided by 105?
8
What is the remainder when 111182 is divided by 111032?
150
What is the remainder when 71618 is divided by 12?
2
What is the remainder when 7043319 is divided by 66?
63
Calculate the remainder when 318351449 is divided by 21.
17
Calculate the remainder when 20134 is divided by 1887.
1264
What is the remainder when 1374428116 is divided by 399?
397
Calculate the remainder when 5013759 is divided by 11241.
273
What is the remainder when 216641632 is divided by 5002?
10
What is the remainder when 51348391 is divided by 19?
17
What is the remainder when 16302158 is divided by 1204?
1202
What is the remainder when 30589096 is divided by 874?
844
What is the remainder when 5173923 is divided by 2876?
2875
Calculate the remainder when 990768 is divided by 141.
102
What is the remainder when 4170170 is divided by 60?
50
Calculate the remainder when 1237322 is divided by 83.
41
Calculate the remainder when 308161 is divided by 16650.
8461
Calculate the remainder when 601489 is divided by 2518.
2205
Calculate the remainder when 2263472 is divided by 250.
222
Calculate the remainder when 8218262 is divided by 233.
119
What is the remainder when 26616 is divided by 8816?
168
Calculate the remainder when 6508827 is divided by 361598.
63
What is the remainder when 1840340 is divided by 7481?
14
Calculate the remainder when 2653388 is divided by 5976.
44
What is the remainder when 115310773 is divided by 38436921?
10
What is the remainder when 1411549 is divided by 141?
139
Calculate the remainder when 21842 is divided by 303.
26
Calculate the remainder when 970754 is divided by 1326.
122
What is the remainder when 4481313 is divided by 68943?
18
Calculate the remainder when 46156 is divided by 3983.
2343
What is the remainder when 9238991 is divided by 1957?
1951
Calculate the remainder when 405209 is divided by 1785.
14
Calculate the remainder when 1471955 is divided by 85.
10
Calculate the remainder when 920492 is divided by 760.
132
Calculate the remainder when 9587224 is divided by 14795.
64
What is the remainder when 392416 is divided by 39231?
106
What is the remainder when 49260 is divided by 6142?
124
What is the remainder when 14115801 is divided by 7057861?
79
What is the remainder when 16628531 is divided by 1662849?
41
Calculate the remainder when 405021 is divided by 78.
45
What is the remainder when 175813429 is divided by 86?
17
What is the remainder when 32733237 is divided by 405?
327
What is the remainder when 23956261 is divided by 21?
7
Calculate the remainder when 19496575 is divided by 8927.
7
What is the remainder when 22904772 is divided by 4890?
12
What is the remainder when 16031961 is divided by 156?
153
What is the remainder when 8516432 is divided by 346?
334
Calculate the remainder when 26020107 is divided by 1301003.
47
Calculate the remainder when 629374 is divided by 1701.
4
Calculate the remainder when 1633386 is divided by 543357.
3315
What is the remainder when 401983 is divided by 57417?
64
Calculate the remainder when 248721 is divided by 82195.
2136
What is the remainder when 73353984 is divided by 118504?
8
Calculate the remainder when 767945 is divided by 2887.
3
What is the remainder when 789446 is divided by 49332?
134
What is the remainder when 2263392 is divided by 11095?
12
What is the remainder when 1413594 is divided by 1520?
1514
What is the remainder when 14910399 is divided by 51593?
22
What is the remainder when 398419 is divided by 594?
439
Calculate the remainder when 656820 is divided by 109253.
1302
What is the remainder when 29105 is divided by 2852?
585
Calculate the remainder when 81784 is divided by 104.
40
Calculate the remainder when 1408883 is divided by 1726.
467
What is the remainder when 900323 is divided by 150015?
233
Calculate the remainder when 591177 is divided by 196254.
2415
Calculate the remainder when 1746295 is divided by 582097.
4
Calculate the remainder when 43672 is divided by 1146.
124
What is the remainder when 5259624 is divided by 2700?
24
Calculate the remainder when 12813813 is divided by 1345.
1343
Calculate the remainder when 12075421 is divided by 125785.
61
What is the remainder when 181490 is divided by 13959?
23
What is the remainder when 1935238 is divided by 28?
18
Calculate the remainder when 100568284 is divided by 117.
115
What is the remainder when 46083859 is divided by 10?
9
What is the remainder when 15815656 is divided by 7907823?
10
Calculate the remainder when 42948 is divided by 5163.
1644
What is the remainder when 4976976 is divided by 261945?
21
Calculate the remainder when 32985053 is divided by 1060.
1033
What is the remainder when 7736481 is divided by 513?
441
Calculate the remainder when 812178 is divided by 1162.
1102
What is the remainder when 32142 is divided by 2143?
2140
What is the remainder when 1439228 is divided by 562?
508
Calculate the remainder when 53750 is divided by 53739.
11
What is the remainder when 1375237 is divided by 54?
19
What is the remainder when 3139543 is divided by 1020?
1003
What is the remainder when 14901710 is divided by 112?
110
Calculate the remainder when 92867 is divided by 1876.
943
Calculate the remainder when 87092 is divided by 1823.
1411
What is the remainder when 357321 is divided by 7003?
168
Calculate the remainder when 28762813 is divided by 325.
313
Calculate the remainder when 28116821 is divided by 160.
21
What is the remainder when 5728634 is divided by 3158?
22
What is the remainder when 1245053 is divided by 5845?
68
What is the remainder when 8139943 is divided by 33?
31
Calculate the remainder when 8254258 is divided by 420.
418
What is the remainder when 8492490 is divided by 319?
72
What is the remainder when 475684 is divided by 1896?
1684
Calculate the remainder when 13692789 is divided by 21.
12
What is the remainder when 475345 is divided by 717?
691
What is the remainder when 237840 is divided by 29696?
272
Calculate the remainder when 4391549 is divided by 277.
268
What is the remainder when 516340 is divided by 172037?
229
Calculate the remainder when 205811560 is divided by 15.
10
Calculate the remainder when 1959005 is divided by 1958967.
38
Calculate the remainder when 262283 is divided by 683.
11
What is the remainder when 25536432 is divided by 31?
27
Calculate the remainder when 5182157 is divided by 307.
304
Calculate the remainder when 7270892 is divided by 3134.
12
Calculate the remainder when 11856 is divided by 685.
211
What is the remainder when 5969656 is divided by 4261?
4256
What is the rem